{"id":70,"date":"2024-08-24T09:10:27","date_gmt":"2024-08-24T09:10:27","guid":{"rendered":"http:\/\/energiewirtschaftsdienst.de\/?page_id=70"},"modified":"2025-10-24T17:48:26","modified_gmt":"2025-10-24T17:48:26","slug":"lerntechnik","status":"publish","type":"page","link":"https:\/\/energiewirtschaftsdienst.de\/?page_id=70","title":{"rendered":"Buch zur Lerntechnik"},"content":{"rendered":"\n<figure class=\"wp-block-image size-full is-resized\"><img loading=\"lazy\" decoding=\"async\" width=\"540\" height=\"826\" src=\"http:\/\/energiewirtschaftsdienst.de\/wp-content\/uploads\/2024\/08\/Deckblatt-Praezise-Lernen-Neu.png\" alt=\"\" class=\"wp-image-71\" style=\"width:650px;height:auto\" srcset=\"https:\/\/energiewirtschaftsdienst.de\/wp-content\/uploads\/2024\/08\/Deckblatt-Praezise-Lernen-Neu.png 540w, https:\/\/energiewirtschaftsdienst.de\/wp-content\/uploads\/2024\/08\/Deckblatt-Praezise-Lernen-Neu-196x300.png 196w\" sizes=\"auto, (max-width: 540px) 100vw, 540px\" \/><\/figure>\n\n\n\n<p><strong>Pr\u00e4zise Lernen<\/strong><\/p>\n\n\n\n<p>Gerhard Fleige, 2023, 1. Auflage, E-Book<\/p>\n\n\n\n<div class=\"wp-block-group\"><div class=\"wp-block-group__inner-container is-layout-constrained wp-block-group-is-layout-constrained\">\n<ul class=\"wp-block-list\">\n<li>Lernen verbessern<\/li>\n<\/ul>\n\n\n\n<ul class=\"wp-block-list\">\n<li>Aufwand reduzieren<\/li>\n<\/ul>\n\n\n\n<ul class=\"wp-block-list\">\n<li>Erfolge visualisieren<\/li>\n<\/ul>\n<\/div><\/div>\n\n\n\n<p>Jetzt per Mail bestellen \u00fcber die Mail-Adresse <a href=\"mailto:info@energiewirtschaftsdienst.de\">info@energiewirtschaftsdienst.de<\/a><\/p>\n\n\n\n<p><strong>Inhalt<\/strong><\/p>\n\n\n\n<p>Im Beruf, im Studium und in der Ausbildung m\u00fcssen sehr viele fachwissenschaftliche Kenntnisse erlernt weren. Dazu gibt es hier eine Anleitung. Im Unterschied zur reichlich vorhandenen Literatur \u00fcber das Lernen wird hier das Lernen mit Zeitkontrolle und -analysen beschrieben.  <\/p>\n\n\n\n<p><strong>Zielgruppe<\/strong><\/p>\n\n\n\n<p>Der Inhalt ist f\u00fcr Personen geeignet, die technisch begabt sind aber Texte wie z.B. Sprachen und Beschreibungen nicht gut lernen k\u00f6nnen.  <\/p>\n\n\n\n<p><strong>Autor<\/strong><\/p>\n\n\n\n<p>Der Autor hatte einen technischen Hintergrund im ersten Studium Ingenieurwesen und Informatik. Er hatte nur wenig Zeit Beschreibungen aller Art zu lernen. In seinem zweiten Studium Wirtschaftsingenieurwesen vertiefte er Personalf\u00fchrung und Organisation. Aus den Analysen zum &#8222;sich motivieren&#8220; und &#8222;viel lernen in kurzer Zeit&#8220; entstand dieses Buch.<\/p>\n\n\n\n<p><\/p>\n","protected":false},"excerpt":{"rendered":"<p>Pr\u00e4zise Lernen Gerhard Fleige, 2023, 1. Auflage, E-Book Jetzt per Mail bestellen \u00fcber die Mail-Adresse info@energiewirtschaftsdienst.de Inhalt Im Beruf, im Studium und in der Ausbildung m\u00fcssen sehr viele fachwissenschaftliche Kenntnisse erlernt weren. Dazu gibt es hier eine Anleitung. Im Unterschied zur reichlich vorhandenen Literatur \u00fcber das Lernen wird hier das Lernen mit Zeitkontrolle und -analysen &hellip; <a href=\"https:\/\/energiewirtschaftsdienst.de\/?page_id=70\" class=\"more-link\"><span class=\"screen-reader-text\">Buch zur Lerntechnik<\/span> weiterlesen <span class=\"meta-nav\">&rarr;<\/span><\/a><\/p>\n","protected":false},"author":1,"featured_media":0,"parent":0,"menu_order":0,"comment_status":"closed","ping_status":"closed","template":"","meta":{"footnotes":""},"class_list":["post-70","page","type-page","status-publish","hentry"],"_links":{"self":[{"href":"https:\/\/energiewirtschaftsdienst.de\/index.php?rest_route=\/wp\/v2\/pages\/70","targetHints":{"allow":["GET"]}}],"collection":[{"href":"https:\/\/energiewirtschaftsdienst.de\/index.php?rest_route=\/wp\/v2\/pages"}],"about":[{"href":"https:\/\/energiewirtschaftsdienst.de\/index.php?rest_route=\/wp\/v2\/types\/page"}],"author":[{"embeddable":true,"href":"https:\/\/energiewirtschaftsdienst.de\/index.php?rest_route=\/wp\/v2\/users\/1"}],"replies":[{"embeddable":true,"href":"https:\/\/energiewirtschaftsdienst.de\/index.php?rest_route=%2Fwp%2Fv2%2Fcomments&post=70"}],"version-history":[{"count":4,"href":"https:\/\/energiewirtschaftsdienst.de\/index.php?rest_route=\/wp\/v2\/pages\/70\/revisions"}],"predecessor-version":[{"id":92,"href":"https:\/\/energiewirtschaftsdienst.de\/index.php?rest_route=\/wp\/v2\/pages\/70\/revisions\/92"}],"wp:attachment":[{"href":"https:\/\/energiewirtschaftsdienst.de\/index.php?rest_route=%2Fwp%2Fv2%2Fmedia&parent=70"}],"curies":[{"name":"wp","href":"https:\/\/api.w.org\/{rel}","templated":true}]}}