{"id":40,"date":"2024-03-19T14:52:28","date_gmt":"2024-03-19T14:52:28","guid":{"rendered":"http:\/\/energiewirtschaftsdienst.de\/?page_id=40"},"modified":"2024-03-19T14:52:28","modified_gmt":"2024-03-19T14:52:28","slug":"disclaimer","status":"publish","type":"page","link":"https:\/\/energiewirtschaftsdienst.de\/?page_id=40","title":{"rendered":"Disclaimer"},"content":{"rendered":"\n<p>Das Landgericht Hamburg hat mit dem Urteil vom 12. Mai 1998 entschieden, dass man durch die Anbringung eines Links die Inhalte der gelinkten Seiten ggf. mit zu verantworten hat (312 O 85\/98, LG Hamburg, &#8222;Haftung f\u00fcr Links&#8220;).<\/p>\n\n\n\n<p>Dies kann dadurch verhindert werden, dass man sich ausdr\u00fccklich von den Inhalten der gelinkten Seiten distanziert. F\u00fcr alle Links auf dieser Website hat folgender Satz volle G\u00fcltigkeit: &#8222;Hiermit distanzieren wir uns ausdr\u00fccklich von den Inhalten aller Links auf dieser Homepage. Wir machen uns deren Inhalte nicht zu Eigen. Die Inhaber des jeweiligen Links haben dessen Inhalt allein zu verantworten.&#8220;<\/p>\n\n\n\n<p><strong>Links<\/strong><\/p>\n\n\n\n<p>Die von uns verwendeten Links sind im Jahr 2024 gesetzt worden und enthielten zu diesem Zeitpunkt keine rechtswidrigen Inhalte. Wenn die Links zeitlich sp\u00e4ter zu rechtswidrigen Inhalten f\u00fchren \u00fcbernehmen wir keine Verantwortung, da wir das nicht regelm\u00e4\u00dfig \u00fcberpr\u00fcfen k\u00f6nnen.<\/p>\n\n\n\n<p><strong>Websites<\/strong><\/p>\n\n\n\n<p>Der Herausgeber dieser Website \u00fcbernimmt keine Gew\u00e4hr f\u00fcr Vollst\u00e4ndigkeit und Richtigkeit. Auch wenn die Inhalte mit gr\u00f6\u00dftm\u00f6glicher Sorgfalt und nach bestem Gewissen erstellt wurden, wird eine Haftung hierf\u00fcr ausgeschlossen. Sollten wir zur Kenntnis dar\u00fcber erlangen, dass Inhalte fremde Rechte verletzten, werden diese unverz\u00fcglich entfernt.<\/p>\n\n\n\n<p><strong>Copyright und Urheberrechte<\/strong><\/p>\n\n\n\n<p>Die Bildrechte an allen Fotos und Bildern dieser Website liegen beim Urheber \/ bei der Urheberin. &nbsp;Unerlaubtes Kopieren der Fotos und Bilder ist urheberrechtlich verboten.<\/p>\n\n\n\n<p><strong>Haftungsausschluss<\/strong><\/p>\n\n\n\n<p>Die Angaben dieser Website wurden zwar sorgf\u00e4ltig gepr\u00fcft, aber es kann keine Garantie f\u00fcr die Vollst\u00e4ndigkeit, Richtigkeit und Aktualit\u00e4t \u00fcbernommen werden. Es wird keine Haftung f\u00fcr Sch\u00e4den \u00fcbernommen. die aus der Benutzung der Informationen entstehen k\u00f6nnen. Dies gilt auch bei fehlerhaften und unvollst\u00e4ndigen Informationen.<\/p>\n","protected":false},"excerpt":{"rendered":"<p>Das Landgericht Hamburg hat mit dem Urteil vom 12. Mai 1998 entschieden, dass man durch die Anbringung eines Links die Inhalte der gelinkten Seiten ggf. mit zu verantworten hat (312 O 85\/98, LG Hamburg, &#8222;Haftung f\u00fcr Links&#8220;). Dies kann dadurch verhindert werden, dass man sich ausdr\u00fccklich von den Inhalten der gelinkten Seiten distanziert. F\u00fcr alle &hellip; <a href=\"https:\/\/energiewirtschaftsdienst.de\/?page_id=40\" class=\"more-link\"><span class=\"screen-reader-text\">Disclaimer<\/span> weiterlesen <span class=\"meta-nav\">&rarr;<\/span><\/a><\/p>\n","protected":false},"author":1,"featured_media":0,"parent":0,"menu_order":0,"comment_status":"closed","ping_status":"closed","template":"","meta":{"footnotes":""},"class_list":["post-40","page","type-page","status-publish","hentry"],"_links":{"self":[{"href":"https:\/\/energiewirtschaftsdienst.de\/index.php?rest_route=\/wp\/v2\/pages\/40","targetHints":{"allow":["GET"]}}],"collection":[{"href":"https:\/\/energiewirtschaftsdienst.de\/index.php?rest_route=\/wp\/v2\/pages"}],"about":[{"href":"https:\/\/energiewirtschaftsdienst.de\/index.php?rest_route=\/wp\/v2\/types\/page"}],"author":[{"embeddable":true,"href":"https:\/\/energiewirtschaftsdienst.de\/index.php?rest_route=\/wp\/v2\/users\/1"}],"replies":[{"embeddable":true,"href":"https:\/\/energiewirtschaftsdienst.de\/index.php?rest_route=%2Fwp%2Fv2%2Fcomments&post=40"}],"version-history":[{"count":2,"href":"https:\/\/energiewirtschaftsdienst.de\/index.php?rest_route=\/wp\/v2\/pages\/40\/revisions"}],"predecessor-version":[{"id":42,"href":"https:\/\/energiewirtschaftsdienst.de\/index.php?rest_route=\/wp\/v2\/pages\/40\/revisions\/42"}],"wp:attachment":[{"href":"https:\/\/energiewirtschaftsdienst.de\/index.php?rest_route=%2Fwp%2Fv2%2Fmedia&parent=40"}],"curies":[{"name":"wp","href":"https:\/\/api.w.org\/{rel}","templated":true}]}}