{"id":18,"date":"2024-03-13T06:37:04","date_gmt":"2024-03-13T06:37:04","guid":{"rendered":"http:\/\/energiewirtschaftsdienst.de\/?page_id=18"},"modified":"2025-11-05T07:23:12","modified_gmt":"2025-11-05T07:23:12","slug":"buecher","status":"publish","type":"page","link":"https:\/\/energiewirtschaftsdienst.de\/?page_id=18","title":{"rendered":"B\u00fccher zur Energiewende"},"content":{"rendered":"\n<figure class=\"wp-block-image size-large\"><img loading=\"lazy\" decoding=\"async\" width=\"782\" height=\"1024\" src=\"http:\/\/energiewirtschaftsdienst.de\/wp-content\/uploads\/2024\/03\/energiewende-1-782x1024.jpg\" alt=\"\" class=\"wp-image-31\" srcset=\"https:\/\/energiewirtschaftsdienst.de\/wp-content\/uploads\/2024\/03\/energiewende-1-782x1024.jpg 782w, https:\/\/energiewirtschaftsdienst.de\/wp-content\/uploads\/2024\/03\/energiewende-1-229x300.jpg 229w, https:\/\/energiewirtschaftsdienst.de\/wp-content\/uploads\/2024\/03\/energiewende-1-768x1006.jpg 768w, https:\/\/energiewirtschaftsdienst.de\/wp-content\/uploads\/2024\/03\/energiewende-1-1173x1536.jpg 1173w, https:\/\/energiewirtschaftsdienst.de\/wp-content\/uploads\/2024\/03\/energiewende-1-1564x2048.jpg 1564w, https:\/\/energiewirtschaftsdienst.de\/wp-content\/uploads\/2024\/03\/energiewende-1.jpg 1576w\" sizes=\"auto, (max-width: 782px) 100vw, 782px\" \/><\/figure>\n\n\n\n<p><strong>Im ersten E-Book &#8222;Energiewende I&#8220; <\/strong>wird die Anlagetechnik der erneuerbaren Energien beschrieben. Wichtig sind die Kosten, die Finanzierbarkeit und die Wirtschaftlichkeit. Die parallele Entwicklungen der konventionellen Energien haben einen wichtigen Einfluss auf diese Entwicklung der Erneuerbaren. <\/p>\n\n\n\n<p>Das E-Book verschafft einen vollst\u00e4ndigen \u00dcberblick \u00fcber die Energiegewinnung. Zahlreiche Grafiken und Diagramme erleichtern das Verst\u00e4ndnis der technischen Funktionsweise der Anlagen<\/p>\n\n\n\n<figure class=\"wp-block-image size-large\"><img loading=\"lazy\" decoding=\"async\" width=\"782\" height=\"1024\" src=\"http:\/\/energiewirtschaftsdienst.de\/wp-content\/uploads\/2024\/03\/energiewende-2-782x1024.jpg\" alt=\"\" class=\"wp-image-32\" srcset=\"https:\/\/energiewirtschaftsdienst.de\/wp-content\/uploads\/2024\/03\/energiewende-2-782x1024.jpg 782w, https:\/\/energiewirtschaftsdienst.de\/wp-content\/uploads\/2024\/03\/energiewende-2-229x300.jpg 229w, https:\/\/energiewirtschaftsdienst.de\/wp-content\/uploads\/2024\/03\/energiewende-2-768x1006.jpg 768w, https:\/\/energiewirtschaftsdienst.de\/wp-content\/uploads\/2024\/03\/energiewende-2-1173x1536.jpg 1173w, https:\/\/energiewirtschaftsdienst.de\/wp-content\/uploads\/2024\/03\/energiewende-2-1564x2048.jpg 1564w, https:\/\/energiewirtschaftsdienst.de\/wp-content\/uploads\/2024\/03\/energiewende-2.jpg 1576w\" sizes=\"auto, (max-width: 782px) 100vw, 782px\" \/><\/figure>\n\n\n\n<p>Das <strong>zweite E-Book &#8222;Energeiwende II&#8220; <\/strong>betrachtet die Reduzierung des Energieverbrauchs. Kompakt wird dargestellt, wie Hauseigent\u00fcmer gesetzliche und freiwillige Sparma\u00dfnahmen finanzieren. Bauherren und K\u00e4ufer:innen bevorzugen Effizienzh\u00e4user und f\u00fcr den Bestand an Geb\u00e4uden Energieausweise. Mieter:innen m\u00f6chten den Verbrauch an Strom und W\u00e4rme verringern. <\/p>\n\n\n\n<p>Der Energieverbrauch zum privaten Wohnen und f\u00fcr die industrielle Produktion summieren sich. Beide Bereiche m\u00fcssen sich an den Ausbaukosten f\u00fcr die Energiewende beteiligen. Die Kommunen legen Programme auf, um das Energiemanagement f\u00fcr St\u00e4dten und Gemeinden zu begleiten. <\/p>\n\n\n\n<p>Computeranalysen f\u00fcr die Smart-Techniken, die Elektromobilit\u00e4t, das Contracting und die Energiegenossenschaften erm\u00f6glichen neue Perspektiven. Das E-Book beschreibt den Handel und die Auswirkungen auf die Energiepreise an den B\u00f6rsen. Diskutiert wird die Liberalisierung der M\u00e4rkte, die die Preise senken soll. <\/p>\n\n\n\n<p>Das E-Book enth\u00e4lt zahlreiche Grafiken und Diagramme zum leichteren Verst\u00e4ndnis.<\/p>\n\n\n\n<p><\/p>\n\n\n\n<figure class=\"wp-block-gallery has-nested-images columns-default is-cropped wp-block-gallery-1 is-layout-flex wp-block-gallery-is-layout-flex\">\n<figure class=\"wp-block-image size-large\"><img loading=\"lazy\" decoding=\"async\" width=\"782\" height=\"1024\" data-id=\"30\" src=\"http:\/\/energiewirtschaftsdienst.de\/wp-content\/uploads\/2024\/03\/energiewende-3-782x1024.jpg\" alt=\"\" class=\"wp-image-30\" srcset=\"https:\/\/energiewirtschaftsdienst.de\/wp-content\/uploads\/2024\/03\/energiewende-3-782x1024.jpg 782w, https:\/\/energiewirtschaftsdienst.de\/wp-content\/uploads\/2024\/03\/energiewende-3-229x300.jpg 229w, https:\/\/energiewirtschaftsdienst.de\/wp-content\/uploads\/2024\/03\/energiewende-3-768x1006.jpg 768w, https:\/\/energiewirtschaftsdienst.de\/wp-content\/uploads\/2024\/03\/energiewende-3-1173x1536.jpg 1173w, https:\/\/energiewirtschaftsdienst.de\/wp-content\/uploads\/2024\/03\/energiewende-3-1564x2048.jpg 1564w, https:\/\/energiewirtschaftsdienst.de\/wp-content\/uploads\/2024\/03\/energiewende-3.jpg 1576w\" sizes=\"auto, (max-width: 782px) 100vw, 782px\" \/><\/figure>\n<\/figure>\n\n\n\n<p><strong>E-Book &#8222;Energiewende III&#8220; <\/strong>beschreibt die Ursachen f\u00fcr die Entwicklung der Energiewende.<\/p>\n\n\n\n<p>Die gesetzlichen Regeln erarbeiten und beschlie\u00dfen die Ministerien. Die Stimmung in der Bev\u00f6lkerung zum Ausstieg aus der Kernkraft macht das Fernsehen. Einen Nutzen daraus ziehen auch die Banken und Steuerberater. Im Hintergrund werden bestimmte Marketing-Strategien angewandt. Es fragt sich letztendlich, wer den Ausbau der erneuerbaren Energien f\u00f6rdert und hemmt.<\/p>\n\n\n\n<figure class=\"wp-block-image size-large\"><img loading=\"lazy\" decoding=\"async\" width=\"782\" height=\"1024\" src=\"http:\/\/energiewirtschaftsdienst.de\/wp-content\/uploads\/2024\/03\/energiewende-4-782x1024.jpg\" alt=\"\" class=\"wp-image-29\" srcset=\"https:\/\/energiewirtschaftsdienst.de\/wp-content\/uploads\/2024\/03\/energiewende-4-782x1024.jpg 782w, https:\/\/energiewirtschaftsdienst.de\/wp-content\/uploads\/2024\/03\/energiewende-4-229x300.jpg 229w, https:\/\/energiewirtschaftsdienst.de\/wp-content\/uploads\/2024\/03\/energiewende-4-768x1006.jpg 768w, https:\/\/energiewirtschaftsdienst.de\/wp-content\/uploads\/2024\/03\/energiewende-4-1173x1536.jpg 1173w, https:\/\/energiewirtschaftsdienst.de\/wp-content\/uploads\/2024\/03\/energiewende-4-1564x2048.jpg 1564w, https:\/\/energiewirtschaftsdienst.de\/wp-content\/uploads\/2024\/03\/energiewende-4.jpg 1576w\" sizes=\"auto, (max-width: 782px) 100vw, 782px\" \/><\/figure>\n\n\n\n<p><strong>Das vierte E-Book<\/strong> besch\u00e4ftigt sich mit der Rendite auf die Geldanlagen, also Investitionen in die erneuerbare Energien. Der Anleger hat die Wahl zwischen Aktien, Anleihen, Fonds und Anklagezertifikaten. Dazu gibt es einiges zu beachten. Das gilt vor allem f\u00fcr Anleger:innen ohne Erfahrungen in der Finanzwirtschaft. Im besten Fall hat man hohe Renditen, im schlechtesten Fall einen Totalverlust. Das E-Book zeigt an vielen Beispielen die Rendite und das Risiko zu ermitteln.<\/p>\n\n\n\n<figure class=\"wp-block-image size-large\"><img loading=\"lazy\" decoding=\"async\" width=\"782\" height=\"1024\" src=\"http:\/\/energiewirtschaftsdienst.de\/wp-content\/uploads\/2024\/03\/energiewende-5-782x1024.jpg\" alt=\"\" class=\"wp-image-28\" srcset=\"https:\/\/energiewirtschaftsdienst.de\/wp-content\/uploads\/2024\/03\/energiewende-5-782x1024.jpg 782w, https:\/\/energiewirtschaftsdienst.de\/wp-content\/uploads\/2024\/03\/energiewende-5-229x300.jpg 229w, https:\/\/energiewirtschaftsdienst.de\/wp-content\/uploads\/2024\/03\/energiewende-5-768x1006.jpg 768w, https:\/\/energiewirtschaftsdienst.de\/wp-content\/uploads\/2024\/03\/energiewende-5-1173x1536.jpg 1173w, https:\/\/energiewirtschaftsdienst.de\/wp-content\/uploads\/2024\/03\/energiewende-5-1564x2048.jpg 1564w, https:\/\/energiewirtschaftsdienst.de\/wp-content\/uploads\/2024\/03\/energiewende-5.jpg 1576w\" sizes=\"auto, (max-width: 782px) 100vw, 782px\" \/><\/figure>\n\n\n\n<p><strong>Das f\u00fcnfte E-Book<\/strong> handelt von den Zukunftsperspektiven. nach der Energiewende k\u00f6nnte eine Arbeitslosigkeit bis zum Jahr 2050 eintreten. Die Energiewende wirkt sich wenig auf die Geh\u00e4lter der Mitarbeitenden aus. Die Familie werden eher unzufrieden sein, weil die Einsatzorte weit entfernt liegen.<\/p>\n\n\n\n<p>Ein Kapitel besch\u00e4ftigt sich inhaltlich und unterst\u00fctzt durch Grafiken mit der Situation im Jahr 2100. Es wird dann haupts\u00e4chlich erneuerbare Energien, wenige Banken, neue Pflanzen, wenige Landwirte und evakuierte Landstriche in Deutschland geben.<\/p>\n\n\n\n<p><strong>E-Books<\/strong> <strong>kaufen<\/strong><\/p>\n\n\n\n<p>Diese Fachb\u00fccher  sind im Online-Handel erh\u00e4ltlich.<\/p>\n\n\n\n<p>Auch \u00fcber den Suchbegriff &#8222;Gerhard Fleige&#8220; und &#8222;Energiewende I&#8220;, &#8222;Energiewende II&#8220;  usw. finden Sie die Anbieter der B\u00fccher.<\/p>\n\n\n\n<p><strong><mark style=\"background-color:rgba(0, 0, 0, 0);color:#d52424\" class=\"has-inline-color\">Tolle B\u00fccher, verst\u00e4ndlich und kompakt geschrieben<\/mark><\/strong><\/p>\n\n\n\n<p>Diese Fachb\u00fccher richtet sich an alle, die sich f\u00fcr das Thema Energiewende &nbsp;interessieren, aber auch an Studierende, die die Module Finanzwirtschaft, Materialwirtschaft &amp; Architektur studieren.<\/p>\n\n\n\n<p>Es beinhaltet neben vielen Beispielen im praktischen Stil auch die zugeh\u00f6rigen sehr n\u00fctzlichen detaillierten Erkl\u00e4rungen.<\/p>\n\n\n\n<p>Ich kann dieses Buch jedem w\u00e4rmstens empfehlen, der die drei Module studiert hat und die Aufs\u00e4tze schreiben wird, aber auch jedem, der sich n\u00e4her mit den Details befassen m\u00f6chte.<\/p>\n\n\n\n<p>Ein in meinen Augen sehr gute und sehr hilfreiche B\u00fccher zum Bestehen der von Fachfragen mit guten Ergebnissen.<\/p>\n\n\n\n<p>Verst\u00e4ndlich und f\u00fcr jeden Aufsatz in einem Themengebiet ein Muss.<\/p>\n\n\n\n<p><\/p>\n","protected":false},"excerpt":{"rendered":"<p>Im ersten E-Book &#8222;Energiewende I&#8220; wird die Anlagetechnik der erneuerbaren Energien beschrieben. Wichtig sind die Kosten, die Finanzierbarkeit und die Wirtschaftlichkeit. Die parallele Entwicklungen der konventionellen Energien haben einen wichtigen Einfluss auf diese Entwicklung der Erneuerbaren. Das E-Book verschafft einen vollst\u00e4ndigen \u00dcberblick \u00fcber die Energiegewinnung. Zahlreiche Grafiken und Diagramme erleichtern das Verst\u00e4ndnis der technischen Funktionsweise &hellip; <a href=\"https:\/\/energiewirtschaftsdienst.de\/?page_id=18\" class=\"more-link\"><span class=\"screen-reader-text\">B\u00fccher zur Energiewende<\/span> weiterlesen <span class=\"meta-nav\">&rarr;<\/span><\/a><\/p>\n","protected":false},"author":1,"featured_media":0,"parent":0,"menu_order":0,"comment_status":"closed","ping_status":"closed","template":"","meta":{"footnotes":""},"class_list":["post-18","page","type-page","status-publish","hentry"],"_links":{"self":[{"href":"https:\/\/energiewirtschaftsdienst.de\/index.php?rest_route=\/wp\/v2\/pages\/18","targetHints":{"allow":["GET"]}}],"collection":[{"href":"https:\/\/energiewirtschaftsdienst.de\/index.php?rest_route=\/wp\/v2\/pages"}],"about":[{"href":"https:\/\/energiewirtschaftsdienst.de\/index.php?rest_route=\/wp\/v2\/types\/page"}],"author":[{"embeddable":true,"href":"https:\/\/energiewirtschaftsdienst.de\/index.php?rest_route=\/wp\/v2\/users\/1"}],"replies":[{"embeddable":true,"href":"https:\/\/energiewirtschaftsdienst.de\/index.php?rest_route=%2Fwp%2Fv2%2Fcomments&post=18"}],"version-history":[{"count":9,"href":"https:\/\/energiewirtschaftsdienst.de\/index.php?rest_route=\/wp\/v2\/pages\/18\/revisions"}],"predecessor-version":[{"id":101,"href":"https:\/\/energiewirtschaftsdienst.de\/index.php?rest_route=\/wp\/v2\/pages\/18\/revisions\/101"}],"wp:attachment":[{"href":"https:\/\/energiewirtschaftsdienst.de\/index.php?rest_route=%2Fwp%2Fv2%2Fmedia&parent=18"}],"curies":[{"name":"wp","href":"https:\/\/api.w.org\/{rel}","templated":true}]}}